{"id":115,"date":"2009-01-01T14:58:03","date_gmt":"2009-01-01T14:58:03","guid":{"rendered":"https:\/\/waldkindergartensite.wordpress.com\/?page_id=115"},"modified":"2020-04-12T23:33:51","modified_gmt":"2020-04-12T21:33:51","slug":"bekleidung-fuer-die-kinder","status":"publish","type":"page","link":"https:\/\/waldkindergarten-berglen.de\/?page_id=115","title":{"rendered":"Bekleidung f\u00fcr die Kinder"},"content":{"rendered":"<p><em>Wir empfehlen:<\/em><\/p>\n<p>F\u00fcr die trockenen Tage im Fr\u00fchjahr, Sommer und Herbst die Kinder mit einer guten Lederhose, Strumpfhose bzw. Kniestr\u00fcmpfe, Trekkingschuhe, langarmigem Shirt eventuell mit einem T-Shirt oder Unterhemd darunter, eine leichte M\u00fctze bestenfalls mit Nackenschutz und f\u00fcr k\u00fchlere Morgenstunden je nach Jahreszeit eine Sweatjacke oder Vliesjacke.<\/p>\n<figure id=\"attachment_3545\" aria-describedby=\"caption-attachment-3545\" style=\"width: 225px\" class=\"wp-caption aligncenter\"><img loading=\"lazy\" decoding=\"async\" class=\"size-medium wp-image-3545\" src=\"\/wp-content\/uploads\/2009\/01\/ZwiebellookImWinter...-1.jpg\" alt=\"\" width=\"225\" height=\"300\"><figcaption id=\"caption-attachment-3545\" class=\"wp-caption-text\">Zwiebellook im Winter&#8230;<\/figcaption><\/figure>\n<figure id=\"attachment_3546\" aria-describedby=\"caption-attachment-3546\" style=\"width: 300px\" class=\"wp-caption aligncenter\"><img loading=\"lazy\" decoding=\"async\" class=\"size-medium wp-image-3546\" src=\"\/wp-content\/uploads\/2009\/01\/ImFruehlingHerbst...-1.jpg\" alt=\"\" width=\"300\" height=\"225\" srcset=\"https:\/\/waldkindergarten-berglen.de\/wp-content\/uploads\/2009\/01\/ImFruehlingHerbst...-1.jpg 400w, https:\/\/waldkindergarten-berglen.de\/wp-content\/uploads\/2009\/01\/ImFruehlingHerbst...-1-300x225.jpg 300w\" sizes=\"auto, (max-width: 300px) 100vw, 300px\" \/><figcaption id=\"caption-attachment-3546\" class=\"wp-caption-text\">&#8230;im Fr\u00fchling, Herbst&#8230;<\/figcaption><\/figure>\n<figure id=\"attachment_3544\" aria-describedby=\"caption-attachment-3544\" style=\"width: 225px\" class=\"wp-caption aligncenter\"><img loading=\"lazy\" decoding=\"async\" class=\"size-medium wp-image-3544\" src=\"\/wp-content\/uploads\/2009\/01\/UndImSommer-1.jpg\" alt=\"\" width=\"225\" height=\"300\"><figcaption id=\"caption-attachment-3544\" class=\"wp-caption-text\">&#8230;und im Sommer!<\/figcaption><\/figure>\n<p>F\u00fcr die Regentage und den Winter empfehlen wir: 1-2 Garnituren warme Matschhosen und Matschjacken,1 warme Vliesm\u00fctze, 1 Vlieshalstuch, 2 Paar m\u00f6glichst wasserdichte Stulpenhandschuhe, 1 ungef\u00fctterte Regenjacke und 1 ungef\u00fctterte Regenhose, sowie gef\u00fctterte und ungef\u00fctterte Gummistiefel und Schneestiefel!<\/p>\n<p><strong>Bitte denken Sie auch stets (au\u00dfer im Winter) an einen ausreichenden Zeckenschutz!<\/strong><\/p>\n","protected":false},"excerpt":{"rendered":"<p>Wir empfehlen: F\u00fcr die trockenen Tage im Fr\u00fchjahr, Sommer und Herbst die Kinder mit einer guten Lederhose, Strumpfhose bzw. Kniestr\u00fcmpfe, Trekkingschuhe, langarmigem Shirt eventuell mit einem T-Shirt oder Unterhemd darunter, eine leichte M\u00fctze bestenfalls mit Nackenschutz und f\u00fcr k\u00fchlere Morgenstunden je nach Jahreszeit eine Sweatjacke oder Vliesjacke. F\u00fcr die Regentage und den Winter empfehlen wir:&hellip; <a href=\"https:\/\/waldkindergarten-berglen.de\/?page_id=115\" class=\"more-link\">Weiterlesen <span class=\"screen-reader-text\">Bekleidung f\u00fcr die Kinder<\/span><\/a><\/p>\n","protected":false},"author":3,"featured_media":0,"parent":0,"menu_order":0,"comment_status":"closed","ping_status":"closed","template":"","meta":{"ngg_post_thumbnail":0,"footnotes":""},"categories":[5],"tags":[],"class_list":["post-115","page","type-page","status-publish","hentry","category-faq"],"jetpack_sharing_enabled":true,"_links":{"self":[{"href":"https:\/\/waldkindergarten-berglen.de\/index.php?rest_route=\/wp\/v2\/pages\/115","targetHints":{"allow":["GET"]}}],"collection":[{"href":"https:\/\/waldkindergarten-berglen.de\/index.php?rest_route=\/wp\/v2\/pages"}],"about":[{"href":"https:\/\/waldkindergarten-berglen.de\/index.php?rest_route=\/wp\/v2\/types\/page"}],"author":[{"embeddable":true,"href":"https:\/\/waldkindergarten-berglen.de\/index.php?rest_route=\/wp\/v2\/users\/3"}],"replies":[{"embeddable":true,"href":"https:\/\/waldkindergarten-berglen.de\/index.php?rest_route=%2Fwp%2Fv2%2Fcomments&post=115"}],"version-history":[{"count":1,"href":"https:\/\/waldkindergarten-berglen.de\/index.php?rest_route=\/wp\/v2\/pages\/115\/revisions"}],"predecessor-version":[{"id":6576,"href":"https:\/\/waldkindergarten-berglen.de\/index.php?rest_route=\/wp\/v2\/pages\/115\/revisions\/6576"}],"wp:attachment":[{"href":"https:\/\/waldkindergarten-berglen.de\/index.php?rest_route=%2Fwp%2Fv2%2Fmedia&parent=115"}],"wp:term":[{"taxonomy":"category","embeddable":true,"href":"https:\/\/waldkindergarten-berglen.de\/index.php?rest_route=%2Fwp%2Fv2%2Fcategories&post=115"},{"taxonomy":"post_tag","embeddable":true,"href":"https:\/\/waldkindergarten-berglen.de\/index.php?rest_route=%2Fwp%2Fv2%2Ftags&post=115"}],"curies":[{"name":"wp","href":"https:\/\/api.w.org\/{rel}","templated":true}]}}

Bekleidung für die Kinder

<p><em>Wir empfehlen:</em></p>
<p>Für die trockenen Tage im Frühjahr, Sommer und Herbst die Kinder mit einer guten Lederhose, Strumpfhose bzw. Kniestrümpfe, Trekkingschuhe, langarmigem Shirt eventuell mit einem T-Shirt oder Unterhemd darunter, eine leichte Mütze bestenfalls mit Nackenschutz und für kühlere Morgenstunden je nach Jahreszeit eine Sweatjacke oder Vliesjacke.</p>
<figure id="attachment_3545" aria-describedby="caption-attachment-3545" style="width: 225px" class="wp-caption aligncenter"><img loading="lazy" decoding="async" class="size-medium wp-image-3545" src="/wp-content/uploads/2009/01/ZwiebellookImWinter...-1.jpg" alt="" width="225" height="300"><figcaption id="caption-attachment-3545" class="wp-caption-text">Zwiebellook im Winter&#8230;</figcaption></figure>
<figure id="attachment_3546" aria-describedby="caption-attachment-3546" style="width: 300px" class="wp-caption aligncenter"><img loading="lazy" decoding="async" class="size-medium wp-image-3546" src="/wp-content/uploads/2009/01/ImFruehlingHerbst...-1.jpg" alt="" width="300" height="225" srcset="https://waldkindergarten-berglen.de/wp-content/uploads/2009/01/ImFruehlingHerbst...-1.jpg 400w, https://waldkindergarten-berglen.de/wp-content/uploads/2009/01/ImFruehlingHerbst...-1-300x225.jpg 300w" sizes="auto, (max-width: 300px) 100vw, 300px" /><figcaption id="caption-attachment-3546" class="wp-caption-text">&#8230;im Frühling, Herbst&#8230;</figcaption></figure>
<figure id="attachment_3544" aria-describedby="caption-attachment-3544" style="width: 225px" class="wp-caption aligncenter"><img loading="lazy" decoding="async" class="size-medium wp-image-3544" src="/wp-content/uploads/2009/01/UndImSommer-1.jpg" alt="" width="225" height="300"><figcaption id="caption-attachment-3544" class="wp-caption-text">&#8230;und im Sommer!</figcaption></figure>
<p>Für die Regentage und den Winter empfehlen wir: 1-2 Garnituren warme Matschhosen und Matschjacken,1 warme Vliesmütze, 1 Vlieshalstuch, 2 Paar möglichst wasserdichte Stulpenhandschuhe, 1 ungefütterte Regenjacke und 1 ungefütterte Regenhose, sowie gefütterte und ungefütterte Gummistiefel und Schneestiefel!</p>
<p><strong>Bitte denken Sie auch stets (außer im Winter) an einen ausreichenden Zeckenschutz!</strong></p>

<p>Wir empfehlen: Für die trockenen Tage im Frühjahr, Sommer und Herbst die Kinder mit einer guten Lederhose, Strumpfhose bzw. Kniestrümpfe, Trekkingschuhe, langarmigem Shirt eventuell mit einem T-Shirt oder Unterhemd darunter, eine leichte Mütze bestenfalls mit Nackenschutz und für kühlere Morgenstunden je nach Jahreszeit eine Sweatjacke oder Vliesjacke. Für die Regentage und den Winter empfehlen wir:&hellip; <a href="https://waldkindergarten-berglen.de/?page_id=115" class="more-link">Weiterlesen <span class="screen-reader-text">Bekleidung für die Kinder</span></a></p>
