{"id":134,"date":"2009-01-01T14:51:22","date_gmt":"2009-01-01T14:51:22","guid":{"rendered":"https:\/\/waldkindergartensite.wordpress.com\/gesundheitsvorsorge\/"},"modified":"2009-01-01T14:51:22","modified_gmt":"2009-01-01T14:51:22","slug":"gesundheitsvorsorge","status":"publish","type":"page","link":"https:\/\/waldkindergarten-berglen.de\/?page_id=134","title":{"rendered":"Gesundheitsvorsorge"},"content":{"rendered":"<p><em>Um der Gefahr des Verzehrs von Giftpflanzen und der Infektion des Fuchsbandwurms zu entgehen stellt der Waldkindergarten mit den Kindern strenge Verhaltensregeln im Umgang mit der Natur auf:<\/em><\/p>\n<p>Wobei es haupts\u00e4chlich darauf ankommt, dass keine selbstgepfl\u00fcckten Pflanzen, Fr\u00fcchte oder Pflanzenteile verzehrt werden d\u00fcrfen. Dabei kontrollieren neben den Erzieherinnen und den Drittkr\u00e4ften auch die Kinder sich gegenseitig, so dass ein Versto\u00df gegen diese strenge Regel sofort bemerkt wird.<\/p>\n<p>Zudem beugt der Waldkindergarten gegen die Infektionsgefahr durch den Fuchsbandwurm vor, indem sich die Kinder vor dem Vesper ihre H\u00e4nde mit biologisch abbaubarer Seife und frischem Leitungswasser die H\u00e4nde waschen. Fr\u00fcchte, Kr\u00e4uter oder sonstige zum Verzehr geeigneten Pflanzen werden gemeinsam gesammelt, gewaschen und gekocht bevor es den Kindern erlaubt wird davon zu essen.<\/p>\n<p>Doch auch Sie als Eltern leisten einen wesentlichen Anteil an der Gesundheitsvorsorge Ihrer Kinder! Mit einer Tetanusimpfung, der konsequenten Verwendung von Zeckenspray\u00b4s oder anderen Zeckenmitteln, einer langen, dichtschlie\u00dfenden Bekleidung und das allt\u00e4gliche Absuchen des ganzen K\u00f6rpers nach Zecken treffen Sie bereits die beste Gesundheitsvorsorge f\u00fcr Ihr Kind!<\/p>\n<p>Um mehr zum Thema \u00ab<a href=\"https:\/\/waldkindergartensite.wordpress.com\/tetanus\/\">Tetanus<\/a>\u00bb, \u00ab<a href=\"https:\/\/waldkindergartensite.wordpress.com\/zecken\/\">Zecken<\/a>\u00bb, \u00ab<a href=\"https:\/\/waldkindergartensite.wordpress.com\/giftpflanzen\/\">Giftpflanzen<\/a>\u00bb oder \u00ab<a href=\"https:\/\/waldkindergartensite.wordpress.com\/fuchsbandwurm\/\">Fuchsbandwurm<\/a>\u00bb zu erfahren klicken Sie bitte auf den entsprechenden Begriff!<\/p>\n","protected":false},"excerpt":{"rendered":"<p>Um der Gefahr des Verzehrs von Giftpflanzen und der Infektion des Fuchsbandwurms zu entgehen stellt der Waldkindergarten mit den Kindern strenge Verhaltensregeln im Umgang mit der Natur auf: Wobei es haupts\u00e4chlich darauf ankommt, dass keine selbstgepfl\u00fcckten Pflanzen, Fr\u00fcchte oder Pflanzenteile verzehrt werden d\u00fcrfen. Dabei kontrollieren neben den Erzieherinnen und den Drittkr\u00e4ften auch die Kinder sich&hellip; <a href=\"https:\/\/waldkindergarten-berglen.de\/?page_id=134\" class=\"more-link\">Weiterlesen <span class=\"screen-reader-text\">Gesundheitsvorsorge<\/span><\/a><\/p>\n","protected":false},"author":3,"featured_media":0,"parent":0,"menu_order":0,"comment_status":"closed","ping_status":"closed","template":"","meta":{"ngg_post_thumbnail":0,"footnotes":""},"categories":[5],"tags":[],"class_list":["post-134","page","type-page","status-publish","hentry","category-faq"],"jetpack_sharing_enabled":true,"_links":{"self":[{"href":"https:\/\/waldkindergarten-berglen.de\/index.php?rest_route=\/wp\/v2\/pages\/134","targetHints":{"allow":["GET"]}}],"collection":[{"href":"https:\/\/waldkindergarten-berglen.de\/index.php?rest_route=\/wp\/v2\/pages"}],"about":[{"href":"https:\/\/waldkindergarten-berglen.de\/index.php?rest_route=\/wp\/v2\/types\/page"}],"author":[{"embeddable":true,"href":"https:\/\/waldkindergarten-berglen.de\/index.php?rest_route=\/wp\/v2\/users\/3"}],"replies":[{"embeddable":true,"href":"https:\/\/waldkindergarten-berglen.de\/index.php?rest_route=%2Fwp%2Fv2%2Fcomments&post=134"}],"version-history":[{"count":0,"href":"https:\/\/waldkindergarten-berglen.de\/index.php?rest_route=\/wp\/v2\/pages\/134\/revisions"}],"wp:attachment":[{"href":"https:\/\/waldkindergarten-berglen.de\/index.php?rest_route=%2Fwp%2Fv2%2Fmedia&parent=134"}],"wp:term":[{"taxonomy":"category","embeddable":true,"href":"https:\/\/waldkindergarten-berglen.de\/index.php?rest_route=%2Fwp%2Fv2%2Fcategories&post=134"},{"taxonomy":"post_tag","embeddable":true,"href":"https:\/\/waldkindergarten-berglen.de\/index.php?rest_route=%2Fwp%2Fv2%2Ftags&post=134"}],"curies":[{"name":"wp","href":"https:\/\/api.w.org\/{rel}","templated":true}]}}

<p><em>Um der Gefahr des Verzehrs von Giftpflanzen und der Infektion des Fuchsbandwurms zu entgehen stellt der Waldkindergarten mit den Kindern strenge Verhaltensregeln im Umgang mit der Natur auf:</em></p>
<p>Wobei es hauptsächlich darauf ankommt, dass keine selbstgepflückten Pflanzen, Früchte oder Pflanzenteile verzehrt werden dürfen. Dabei kontrollieren neben den Erzieherinnen und den Drittkräften auch die Kinder sich gegenseitig, so dass ein Verstoß gegen diese strenge Regel sofort bemerkt wird.</p>
<p>Zudem beugt der Waldkindergarten gegen die Infektionsgefahr durch den Fuchsbandwurm vor, indem sich die Kinder vor dem Vesper ihre Hände mit biologisch abbaubarer Seife und frischem Leitungswasser die Hände waschen. Früchte, Kräuter oder sonstige zum Verzehr geeigneten Pflanzen werden gemeinsam gesammelt, gewaschen und gekocht bevor es den Kindern erlaubt wird davon zu essen.</p>
<p>Doch auch Sie als Eltern leisten einen wesentlichen Anteil an der Gesundheitsvorsorge Ihrer Kinder! Mit einer Tetanusimpfung, der konsequenten Verwendung von Zeckenspray´s oder anderen Zeckenmitteln, einer langen, dichtschließenden Bekleidung und das alltägliche Absuchen des ganzen Körpers nach Zecken treffen Sie bereits die beste Gesundheitsvorsorge für Ihr Kind!</p>
<p>Um mehr zum Thema «<a href="https://waldkindergartensite.wordpress.com/tetanus/">Tetanus</a>», «<a href="https://waldkindergartensite.wordpress.com/zecken/">Zecken</a>», «<a href="https://waldkindergartensite.wordpress.com/giftpflanzen/">Giftpflanzen</a>» oder «<a href="https://waldkindergartensite.wordpress.com/fuchsbandwurm/">Fuchsbandwurm</a>» zu erfahren klicken Sie bitte auf den entsprechenden Begriff!</p>

<p>Um der Gefahr des Verzehrs von Giftpflanzen und der Infektion des Fuchsbandwurms zu entgehen stellt der Waldkindergarten mit den Kindern strenge Verhaltensregeln im Umgang mit der Natur auf: Wobei es hauptsächlich darauf ankommt, dass keine selbstgepflückten Pflanzen, Früchte oder Pflanzenteile verzehrt werden dürfen. Dabei kontrollieren neben den Erzieherinnen und den Drittkräften auch die Kinder sich&hellip; <a href="https://waldkindergarten-berglen.de/?page_id=134" class="more-link">Weiterlesen <span class="screen-reader-text">Gesundheitsvorsorge</span></a></p>
