{"id":135,"date":"2009-01-01T14:50:23","date_gmt":"2009-01-01T14:50:23","guid":{"rendered":"https:\/\/waldkindergartensite.wordpress.com\/giftpflanzen\/"},"modified":"2009-01-01T14:50:23","modified_gmt":"2009-01-01T14:50:23","slug":"giftpflanzen","status":"publish","type":"page","link":"https:\/\/waldkindergarten-berglen.de\/?page_id=135","title":{"rendered":"Giftpflanzen"},"content":{"rendered":"<p><em>Tollkirsche und Fliegenpilz sind nur die zwei bekanntesten Beispiele f\u00fcr giftige Beeren und Pilze, die wir im Wald oder an den Waldr\u00e4ndern h\u00e4ufig finden k\u00f6nnen:<\/em><\/p>\n<p>Deshalb gibt es im Waldkindergarten die strikte Regel, nichts zu essen, was man irgendwo selbst \u00abgeerntet\u00bb hat. Neben m\u00f6glicherweise ungenie\u00dfbaren Pflanzen sehen wir uns zus\u00e4tzlich auch mit dem &lt;&lt;<a href=\"https:\/\/waldkindergartensite.wordpress.com\/fuchsbandwurm\/\">Fuchsbandwurm<\/a>&gt;&gt; konfrontiert.<\/p>\n<p>Neben der Aufsicht der Erzieherinnen \u00fcberwachen sich die Kinder auch gegenseitig selber, jedoch ist es unerl\u00e4sslich, dass die Kinder zuhause die gleichen Regeln vorgelebt bekommen.<\/p>\n","protected":false},"excerpt":{"rendered":"<p>Tollkirsche und Fliegenpilz sind nur die zwei bekanntesten Beispiele f\u00fcr giftige Beeren und Pilze, die wir im Wald oder an den Waldr\u00e4ndern h\u00e4ufig finden k\u00f6nnen: Deshalb gibt es im Waldkindergarten die strikte Regel, nichts zu essen, was man irgendwo selbst \u00abgeerntet\u00bb hat. Neben m\u00f6glicherweise ungenie\u00dfbaren Pflanzen sehen wir uns zus\u00e4tzlich auch mit dem &lt;&lt;Fuchsbandwurm&gt;&gt; konfrontiert.&hellip; <a href=\"https:\/\/waldkindergarten-berglen.de\/?page_id=135\" class=\"more-link\">Weiterlesen <span class=\"screen-reader-text\">Giftpflanzen<\/span><\/a><\/p>\n","protected":false},"author":3,"featured_media":0,"parent":0,"menu_order":0,"comment_status":"closed","ping_status":"closed","template":"","meta":{"ngg_post_thumbnail":0,"footnotes":""},"categories":[5],"tags":[],"class_list":["post-135","page","type-page","status-publish","hentry","category-faq"],"jetpack_sharing_enabled":true,"_links":{"self":[{"href":"https:\/\/waldkindergarten-berglen.de\/index.php?rest_route=\/wp\/v2\/pages\/135","targetHints":{"allow":["GET"]}}],"collection":[{"href":"https:\/\/waldkindergarten-berglen.de\/index.php?rest_route=\/wp\/v2\/pages"}],"about":[{"href":"https:\/\/waldkindergarten-berglen.de\/index.php?rest_route=\/wp\/v2\/types\/page"}],"author":[{"embeddable":true,"href":"https:\/\/waldkindergarten-berglen.de\/index.php?rest_route=\/wp\/v2\/users\/3"}],"replies":[{"embeddable":true,"href":"https:\/\/waldkindergarten-berglen.de\/index.php?rest_route=%2Fwp%2Fv2%2Fcomments&post=135"}],"version-history":[{"count":0,"href":"https:\/\/waldkindergarten-berglen.de\/index.php?rest_route=\/wp\/v2\/pages\/135\/revisions"}],"wp:attachment":[{"href":"https:\/\/waldkindergarten-berglen.de\/index.php?rest_route=%2Fwp%2Fv2%2Fmedia&parent=135"}],"wp:term":[{"taxonomy":"category","embeddable":true,"href":"https:\/\/waldkindergarten-berglen.de\/index.php?rest_route=%2Fwp%2Fv2%2Fcategories&post=135"},{"taxonomy":"post_tag","embeddable":true,"href":"https:\/\/waldkindergarten-berglen.de\/index.php?rest_route=%2Fwp%2Fv2%2Ftags&post=135"}],"curies":[{"name":"wp","href":"https:\/\/api.w.org\/{rel}","templated":true}]}}

<p><em>Tollkirsche und Fliegenpilz sind nur die zwei bekanntesten Beispiele für giftige Beeren und Pilze, die wir im Wald oder an den Waldrändern häufig finden können:</em></p>
<p>Deshalb gibt es im Waldkindergarten die strikte Regel, nichts zu essen, was man irgendwo selbst «geerntet» hat. Neben möglicherweise ungenießbaren Pflanzen sehen wir uns zusätzlich auch mit dem &lt;&lt;<a href="https://waldkindergartensite.wordpress.com/fuchsbandwurm/">Fuchsbandwurm</a>&gt;&gt; konfrontiert.</p>
<p>Neben der Aufsicht der Erzieherinnen überwachen sich die Kinder auch gegenseitig selber, jedoch ist es unerlässlich, dass die Kinder zuhause die gleichen Regeln vorgelebt bekommen.</p>

<p>Tollkirsche und Fliegenpilz sind nur die zwei bekanntesten Beispiele für giftige Beeren und Pilze, die wir im Wald oder an den Waldrändern häufig finden können: Deshalb gibt es im Waldkindergarten die strikte Regel, nichts zu essen, was man irgendwo selbst «geerntet» hat. Neben möglicherweise ungenießbaren Pflanzen sehen wir uns zusätzlich auch mit dem &lt;&lt;Fuchsbandwurm&gt;&gt; konfrontiert.&hellip; <a href="https://waldkindergarten-berglen.de/?page_id=135" class="more-link">Weiterlesen <span class="screen-reader-text">Giftpflanzen</span></a></p>
