{"id":143,"date":"2009-01-01T14:48:30","date_gmt":"2009-01-01T14:48:30","guid":{"rendered":"https:\/\/waldkindergartensite.wordpress.com\/klo-im-wald\/"},"modified":"2009-01-01T14:48:30","modified_gmt":"2009-01-01T14:48:30","slug":"klo-im-wald","status":"publish","type":"page","link":"https:\/\/waldkindergarten-berglen.de\/?page_id=143","title":{"rendered":"Klo im Wald"},"content":{"rendered":"<p><em>F\u00fcr den Fall der F\u00e4lle haben wir einen Klappspaten dabei:<\/em><\/p>\n<p>Damit wir unsere Hinterlassenschaften im Wald vergraben k\u00f6nnen. Die Praxis hat jedoch gezeigt, dass die Kinder es sich angew\u00f6hnen, ihr \u00abgro\u00dfes Gesch\u00e4ft\u00bb zu einer anderen Tageszeit zu erledigen.<\/p>\n<p>Doch egal, welches \u00abGesch\u00e4ft\u00bb verrichtet werden will, unsere Erzieherinnen und Drittkr\u00e4fte sind den Kindern immer gerne dabei behilflich.<\/p>\n","protected":false},"excerpt":{"rendered":"<p>F\u00fcr den Fall der F\u00e4lle haben wir einen Klappspaten dabei: Damit wir unsere Hinterlassenschaften im Wald vergraben k\u00f6nnen. Die Praxis hat jedoch gezeigt, dass die Kinder es sich angew\u00f6hnen, ihr \u00abgro\u00dfes Gesch\u00e4ft\u00bb zu einer anderen Tageszeit zu erledigen. Doch egal, welches \u00abGesch\u00e4ft\u00bb verrichtet werden will, unsere Erzieherinnen und Drittkr\u00e4fte sind den Kindern immer gerne dabei&hellip; <a href=\"https:\/\/waldkindergarten-berglen.de\/?page_id=143\" class=\"more-link\">Weiterlesen <span class=\"screen-reader-text\">Klo im Wald<\/span><\/a><\/p>\n","protected":false},"author":3,"featured_media":0,"parent":0,"menu_order":0,"comment_status":"closed","ping_status":"closed","template":"","meta":{"ngg_post_thumbnail":0,"footnotes":""},"categories":[5],"tags":[],"class_list":["post-143","page","type-page","status-publish","hentry","category-faq"],"jetpack_sharing_enabled":true,"_links":{"self":[{"href":"https:\/\/waldkindergarten-berglen.de\/index.php?rest_route=\/wp\/v2\/pages\/143","targetHints":{"allow":["GET"]}}],"collection":[{"href":"https:\/\/waldkindergarten-berglen.de\/index.php?rest_route=\/wp\/v2\/pages"}],"about":[{"href":"https:\/\/waldkindergarten-berglen.de\/index.php?rest_route=\/wp\/v2\/types\/page"}],"author":[{"embeddable":true,"href":"https:\/\/waldkindergarten-berglen.de\/index.php?rest_route=\/wp\/v2\/users\/3"}],"replies":[{"embeddable":true,"href":"https:\/\/waldkindergarten-berglen.de\/index.php?rest_route=%2Fwp%2Fv2%2Fcomments&post=143"}],"version-history":[{"count":0,"href":"https:\/\/waldkindergarten-berglen.de\/index.php?rest_route=\/wp\/v2\/pages\/143\/revisions"}],"wp:attachment":[{"href":"https:\/\/waldkindergarten-berglen.de\/index.php?rest_route=%2Fwp%2Fv2%2Fmedia&parent=143"}],"wp:term":[{"taxonomy":"category","embeddable":true,"href":"https:\/\/waldkindergarten-berglen.de\/index.php?rest_route=%2Fwp%2Fv2%2Fcategories&post=143"},{"taxonomy":"post_tag","embeddable":true,"href":"https:\/\/waldkindergarten-berglen.de\/index.php?rest_route=%2Fwp%2Fv2%2Ftags&post=143"}],"curies":[{"name":"wp","href":"https:\/\/api.w.org\/{rel}","templated":true}]}}