{"id":148,"date":"2009-01-01T14:43:33","date_gmt":"2009-01-01T14:43:33","guid":{"rendered":"https:\/\/waldkindergartensite.wordpress.com\/rucksack-und-inhalt\/"},"modified":"2009-01-01T14:43:33","modified_gmt":"2009-01-01T14:43:33","slug":"rucksack-und-inhalt","status":"publish","type":"page","link":"https:\/\/waldkindergarten-berglen.de\/?page_id=148","title":{"rendered":"Rucksack und Inhalt"},"content":{"rendered":"<p><em>Es braucht nicht viel um den Rucksack perfekt auszustatten:<\/em><\/p>\n<p>Doch folgende Dinge sollten unbedingt immer dabei sein:<\/p>\n<ul>\n<li>Isomatte (zum draufsitzen)<\/li>\n<li>Papiertaschent\u00fccher<\/li>\n<li>In einem verschlossenen Plastikbeutel:\n<ul>\n<li>Ersatzunterhose<\/li>\n<li>Ersatzsocken (im Winter dicke, im Sommer leichte)<\/li>\n<li>Eine Leggins bzw. lange Unterhose<\/li>\n<\/ul>\n<\/li>\n<li>Verschlie\u00dfbarer Trinkbecher<\/li>\n<li>Kleines (G\u00e4ste-) Handtuch<\/li>\n<li>Gesundes, kr\u00e4ftiges Vesper (keine S\u00fc\u00dfigkeiten oder anderweitig aufwendig Verpacktes)<\/li>\n<li>Im Winter ein Paar Ersatzhandschuhe<\/li>\n<li>Im Sommer wenn der Durst bei allen sehr gro\u00df ist und der Tee schnell knapp wird gerne auch eine kleine gef\u00fcllte Trinkflasche<\/li>\n<\/ul>\n<p>Nach Absprache mit den Erzieherinnen d\u00fcrfen die Kinder ab und zu auch einmal Leckereien oder S\u00fc\u00dfigkeiten f\u00fcr die ganze Gruppe mitbringen und austeilen!<\/p>\n","protected":false},"excerpt":{"rendered":"<p>Es braucht nicht viel um den Rucksack perfekt auszustatten: Doch folgende Dinge sollten unbedingt immer dabei sein: Isomatte (zum draufsitzen) Papiertaschent\u00fccher In einem verschlossenen Plastikbeutel: Ersatzunterhose Ersatzsocken (im Winter dicke, im Sommer leichte) Eine Leggins bzw. lange Unterhose Verschlie\u00dfbarer Trinkbecher Kleines (G\u00e4ste-) Handtuch Gesundes, kr\u00e4ftiges Vesper (keine S\u00fc\u00dfigkeiten oder anderweitig aufwendig Verpacktes) Im Winter ein&hellip; <a href=\"https:\/\/waldkindergarten-berglen.de\/?page_id=148\" class=\"more-link\">Weiterlesen <span class=\"screen-reader-text\">Rucksack und Inhalt<\/span><\/a><\/p>\n","protected":false},"author":3,"featured_media":0,"parent":0,"menu_order":0,"comment_status":"closed","ping_status":"closed","template":"","meta":{"ngg_post_thumbnail":0,"footnotes":""},"categories":[5],"tags":[],"class_list":["post-148","page","type-page","status-publish","hentry","category-faq"],"jetpack_sharing_enabled":true,"_links":{"self":[{"href":"https:\/\/waldkindergarten-berglen.de\/index.php?rest_route=\/wp\/v2\/pages\/148","targetHints":{"allow":["GET"]}}],"collection":[{"href":"https:\/\/waldkindergarten-berglen.de\/index.php?rest_route=\/wp\/v2\/pages"}],"about":[{"href":"https:\/\/waldkindergarten-berglen.de\/index.php?rest_route=\/wp\/v2\/types\/page"}],"author":[{"embeddable":true,"href":"https:\/\/waldkindergarten-berglen.de\/index.php?rest_route=\/wp\/v2\/users\/3"}],"replies":[{"embeddable":true,"href":"https:\/\/waldkindergarten-berglen.de\/index.php?rest_route=%2Fwp%2Fv2%2Fcomments&post=148"}],"version-history":[{"count":0,"href":"https:\/\/waldkindergarten-berglen.de\/index.php?rest_route=\/wp\/v2\/pages\/148\/revisions"}],"wp:attachment":[{"href":"https:\/\/waldkindergarten-berglen.de\/index.php?rest_route=%2Fwp%2Fv2%2Fmedia&parent=148"}],"wp:term":[{"taxonomy":"category","embeddable":true,"href":"https:\/\/waldkindergarten-berglen.de\/index.php?rest_route=%2Fwp%2Fv2%2Fcategories&post=148"},{"taxonomy":"post_tag","embeddable":true,"href":"https:\/\/waldkindergarten-berglen.de\/index.php?rest_route=%2Fwp%2Fv2%2Ftags&post=148"}],"curies":[{"name":"wp","href":"https:\/\/api.w.org\/{rel}","templated":true}]}}