{"id":151,"date":"2009-01-01T14:41:37","date_gmt":"2009-01-01T14:41:37","guid":{"rendered":"https:\/\/waldkindergartensite.wordpress.com\/tee-und-wasserdienst\/"},"modified":"2009-01-01T14:41:37","modified_gmt":"2009-01-01T14:41:37","slug":"tee-und-wasserdienst","status":"publish","type":"page","link":"https:\/\/waldkindergarten-berglen.de\/?page_id=151","title":{"rendered":"Tee- und Wasserdienst"},"content":{"rendered":"<p><em>Beide Kindergartengruppen haben f\u00fcr die Kinder Tee und Wasser dabei:<\/em><\/p>\n<p>Dies wird im w\u00f6chentlichen Wechsel von den Eltern im Teedienst bereitgestellt. Welche Familie gerade Teedienst hat, wird in einem Teedienstplan f\u00fcr das ganze Jahr festgelegt und wird allen Eltern ausgeh\u00e4ndigt.<\/p>\n<p>Es ist sehr wichtig, dass sowohl der Tee wie auch das Wasser absolut frisch sind und die Tee- und Wasserkannen hygienisch einwandfrei sind.<\/p>\n<p>Darum haben wir folgenden Ablauf f\u00fcr den Teedienst eingef\u00fchrt:<\/p>\n<ol>\n<li>Nehmen Sie bitte am Freitagmittag der Vorwoche Ihres Teedienstes die Tee-und Wasserkannen gemeinsam mit der Stofftasche mit den Reinigungsutensilien mit nach Hause.<\/li>\n<li>Reinigen Sie diese mit Sp\u00fclmittel und der Flaschenb\u00fcrste innen gr\u00fcndlich und reinigen Sie auch die Au\u00dfenseite der Kannen mit Sp\u00fclmittel und dem Schwamm.<\/li>\n<li>F\u00fcllen Sie bitte alle Kannen mit hei\u00dfem Wasser, geben einen Essl\u00f6ffel von der Zitronens\u00e4ure dazu und l\u00f6sen diese darin auf.<\/li>\n<li>Nun lassen Sie diese bitte mindestens 1 Tag stehen.<\/li>\n<li>Danach bitte gr\u00fcndlich mit frischem Wasser aussp\u00fclen.<\/li>\n<\/ol>\n<p>Nun sind die Kannen einsatzbereit!<\/p>\n<p>Montagmorgens f\u00fcllen Sie in die Wasserkannen bitte handwarmes, frisches Wasser! Da die Wasserkannen nahezu keinen W\u00e4rmeverlust haben, das Wasser nicht zu hei\u00df einf\u00fcllen. Damit keine Kinderh\u00e4nde verbr\u00fcht werden.<\/p>\n<p>F\u00fcr den Tee hat sich die Mischung aus halb Saft und halb Tee bew\u00e4hrt. Bitte keinen Zucker oder Honig zugeben! Die Kinder sind ihren Tee so gewohnt und lieben ihn!<\/p>\n<p>Im Winter den Saft f\u00fcr den Tee bitte anw\u00e4rmen, da die Teekannen leider leichter W\u00e4rme abgeben, als die Wasserkannen!<\/p>\n<p>Die gef\u00fcllten Kannen dann bitte morgens vor Beginn des Kindergartens auf den Baumstumpf an unseren Nebeneingang am St\u00fcckle stellen.<\/p>\n<p>Mittags stellen die Erzieherinnen die Kannen an den gro\u00dfen Steinen am Waldspielplatz bereit zum mitnehmen!<\/p>\n<p>Bitte t\u00e4glich alle Kannen sowohl von innen wie auch von au\u00dfen gr\u00fcndlich mit Sp\u00fclmittel und Flaschenb\u00fcrste bzw. Schwamm reinigen.<\/p>\n<p>In der Stofftasche mit den Putzutensilien befindet sich eine Liste, mit den geleisteten Teediensten, in die Sie sich bitte mit Datum des Teedienstes eintragen und unterschreiben.<\/p>\n<p>Freitags geben Sie diese Stofftasche dann bitte an die Eltern weiter, die nach Ihnen auf der Teeliste stehen.<\/p>\n<p>Dieser Teedienst ist in der Regel zweimal im Jahr abzuleisten und z\u00e4hlt nicht zu den Arbeitsstunden!<\/p>\n","protected":false},"excerpt":{"rendered":"<p>Beide Kindergartengruppen haben f\u00fcr die Kinder Tee und Wasser dabei: Dies wird im w\u00f6chentlichen Wechsel von den Eltern im Teedienst bereitgestellt. Welche Familie gerade Teedienst hat, wird in einem Teedienstplan f\u00fcr das ganze Jahr festgelegt und wird allen Eltern ausgeh\u00e4ndigt. Es ist sehr wichtig, dass sowohl der Tee wie auch das Wasser absolut frisch sind&hellip; <a href=\"https:\/\/waldkindergarten-berglen.de\/?page_id=151\" class=\"more-link\">Weiterlesen <span class=\"screen-reader-text\">Tee- und Wasserdienst<\/span><\/a><\/p>\n","protected":false},"author":3,"featured_media":0,"parent":0,"menu_order":0,"comment_status":"closed","ping_status":"closed","template":"","meta":{"ngg_post_thumbnail":0,"footnotes":""},"categories":[5],"tags":[],"class_list":["post-151","page","type-page","status-publish","hentry","category-faq"],"jetpack_sharing_enabled":true,"_links":{"self":[{"href":"https:\/\/waldkindergarten-berglen.de\/index.php?rest_route=\/wp\/v2\/pages\/151","targetHints":{"allow":["GET"]}}],"collection":[{"href":"https:\/\/waldkindergarten-berglen.de\/index.php?rest_route=\/wp\/v2\/pages"}],"about":[{"href":"https:\/\/waldkindergarten-berglen.de\/index.php?rest_route=\/wp\/v2\/types\/page"}],"author":[{"embeddable":true,"href":"https:\/\/waldkindergarten-berglen.de\/index.php?rest_route=\/wp\/v2\/users\/3"}],"replies":[{"embeddable":true,"href":"https:\/\/waldkindergarten-berglen.de\/index.php?rest_route=%2Fwp%2Fv2%2Fcomments&post=151"}],"version-history":[{"count":0,"href":"https:\/\/waldkindergarten-berglen.de\/index.php?rest_route=\/wp\/v2\/pages\/151\/revisions"}],"wp:attachment":[{"href":"https:\/\/waldkindergarten-berglen.de\/index.php?rest_route=%2Fwp%2Fv2%2Fmedia&parent=151"}],"wp:term":[{"taxonomy":"category","embeddable":true,"href":"https:\/\/waldkindergarten-berglen.de\/index.php?rest_route=%2Fwp%2Fv2%2Fcategories&post=151"},{"taxonomy":"post_tag","embeddable":true,"href":"https:\/\/waldkindergarten-berglen.de\/index.php?rest_route=%2Fwp%2Fv2%2Ftags&post=151"}],"curies":[{"name":"wp","href":"https:\/\/api.w.org\/{rel}","templated":true}]}}

<p><em>Beide Kindergartengruppen haben für die Kinder Tee und Wasser dabei:</em></p>
<p>Dies wird im wöchentlichen Wechsel von den Eltern im Teedienst bereitgestellt. Welche Familie gerade Teedienst hat, wird in einem Teedienstplan für das ganze Jahr festgelegt und wird allen Eltern ausgehändigt.</p>
<p>Es ist sehr wichtig, dass sowohl der Tee wie auch das Wasser absolut frisch sind und die Tee- und Wasserkannen hygienisch einwandfrei sind.</p>
<p>Darum haben wir folgenden Ablauf für den Teedienst eingeführt:</p>
<ol>
<li>Nehmen Sie bitte am Freitagmittag der Vorwoche Ihres Teedienstes die Tee-und Wasserkannen gemeinsam mit der Stofftasche mit den Reinigungsutensilien mit nach Hause.</li>
<li>Reinigen Sie diese mit Spülmittel und der Flaschenbürste innen gründlich und reinigen Sie auch die Außenseite der Kannen mit Spülmittel und dem Schwamm.</li>
<li>Füllen Sie bitte alle Kannen mit heißem Wasser, geben einen Esslöffel von der Zitronensäure dazu und lösen diese darin auf.</li>
<li>Nun lassen Sie diese bitte mindestens 1 Tag stehen.</li>
<li>Danach bitte gründlich mit frischem Wasser ausspülen.</li>
</ol>
<p>Nun sind die Kannen einsatzbereit!</p>
<p>Montagmorgens füllen Sie in die Wasserkannen bitte handwarmes, frisches Wasser! Da die Wasserkannen nahezu keinen Wärmeverlust haben, das Wasser nicht zu heiß einfüllen. Damit keine Kinderhände verbrüht werden.</p>
<p>Für den Tee hat sich die Mischung aus halb Saft und halb Tee bewährt. Bitte keinen Zucker oder Honig zugeben! Die Kinder sind ihren Tee so gewohnt und lieben ihn!</p>
<p>Im Winter den Saft für den Tee bitte anwärmen, da die Teekannen leider leichter Wärme abgeben, als die Wasserkannen!</p>
<p>Die gefüllten Kannen dann bitte morgens vor Beginn des Kindergartens auf den Baumstumpf an unseren Nebeneingang am Stückle stellen.</p>
<p>Mittags stellen die Erzieherinnen die Kannen an den großen Steinen am Waldspielplatz bereit zum mitnehmen!</p>
<p>Bitte täglich alle Kannen sowohl von innen wie auch von außen gründlich mit Spülmittel und Flaschenbürste bzw. Schwamm reinigen.</p>
<p>In der Stofftasche mit den Putzutensilien befindet sich eine Liste, mit den geleisteten Teediensten, in die Sie sich bitte mit Datum des Teedienstes eintragen und unterschreiben.</p>
<p>Freitags geben Sie diese Stofftasche dann bitte an die Eltern weiter, die nach Ihnen auf der Teeliste stehen.</p>
<p>Dieser Teedienst ist in der Regel zweimal im Jahr abzuleisten und zählt nicht zu den Arbeitsstunden!</p>

<p>Beide Kindergartengruppen haben für die Kinder Tee und Wasser dabei: Dies wird im wöchentlichen Wechsel von den Eltern im Teedienst bereitgestellt. Welche Familie gerade Teedienst hat, wird in einem Teedienstplan für das ganze Jahr festgelegt und wird allen Eltern ausgehändigt. Es ist sehr wichtig, dass sowohl der Tee wie auch das Wasser absolut frisch sind&hellip; <a href="https://waldkindergarten-berglen.de/?page_id=151" class="more-link">Weiterlesen <span class="screen-reader-text">Tee- und Wasserdienst</span></a></p>
