{"id":154,"date":"2009-01-01T14:38:39","date_gmt":"2009-01-01T14:38:39","guid":{"rendered":"https:\/\/waldkindergartensite.wordpress.com\/verletzungen\/"},"modified":"2009-01-01T14:38:39","modified_gmt":"2009-01-01T14:38:39","slug":"verletzungen","status":"publish","type":"page","link":"https:\/\/waldkindergarten-berglen.de\/?page_id=154","title":{"rendered":"Verletzungen"},"content":{"rendered":"<p>Kommt es trotz aller Vorsicht doch einmal zu einer Verletzung so wird die Wunde gereinigt und mit Pflaster oder Verband versorgt (Im Einzelfall halten wir R\u00fccksprache mit Mutter\/Vater um die weitere Vorgehensweise abzustimmen).<\/p>\n<p>Erfordert die Verletzung \u00e4rztliche Behandlung oder Kontrolle, so benachrichtigt die Erzieherin umgehend einen Elternteil bzw. organisiert lt. unserer Notfallliste eine Ersatzperson, damit das Kind schnellstm\u00f6glich abgeholt wird.<\/p>\n<p>In jeder Gruppe wird ein Handy mitgef\u00fchrt, somit ist gew\u00e4hrleistet, dass ohne Verz\u00f6gerung gehandelt werden kann.<\/p>\n","protected":false},"excerpt":{"rendered":"<p>Kommt es trotz aller Vorsicht doch einmal zu einer Verletzung so wird die Wunde gereinigt und mit Pflaster oder Verband versorgt (Im Einzelfall halten wir R\u00fccksprache mit Mutter\/Vater um die weitere Vorgehensweise abzustimmen). Erfordert die Verletzung \u00e4rztliche Behandlung oder Kontrolle, so benachrichtigt die Erzieherin umgehend einen Elternteil bzw. organisiert lt. unserer Notfallliste eine Ersatzperson, damit&hellip; <a href=\"https:\/\/waldkindergarten-berglen.de\/?page_id=154\" class=\"more-link\">Weiterlesen <span class=\"screen-reader-text\">Verletzungen<\/span><\/a><\/p>\n","protected":false},"author":3,"featured_media":0,"parent":0,"menu_order":0,"comment_status":"closed","ping_status":"closed","template":"","meta":{"ngg_post_thumbnail":0,"footnotes":""},"categories":[5],"tags":[],"class_list":["post-154","page","type-page","status-publish","hentry","category-faq"],"jetpack_sharing_enabled":true,"_links":{"self":[{"href":"https:\/\/waldkindergarten-berglen.de\/index.php?rest_route=\/wp\/v2\/pages\/154","targetHints":{"allow":["GET"]}}],"collection":[{"href":"https:\/\/waldkindergarten-berglen.de\/index.php?rest_route=\/wp\/v2\/pages"}],"about":[{"href":"https:\/\/waldkindergarten-berglen.de\/index.php?rest_route=\/wp\/v2\/types\/page"}],"author":[{"embeddable":true,"href":"https:\/\/waldkindergarten-berglen.de\/index.php?rest_route=\/wp\/v2\/users\/3"}],"replies":[{"embeddable":true,"href":"https:\/\/waldkindergarten-berglen.de\/index.php?rest_route=%2Fwp%2Fv2%2Fcomments&post=154"}],"version-history":[{"count":0,"href":"https:\/\/waldkindergarten-berglen.de\/index.php?rest_route=\/wp\/v2\/pages\/154\/revisions"}],"wp:attachment":[{"href":"https:\/\/waldkindergarten-berglen.de\/index.php?rest_route=%2Fwp%2Fv2%2Fmedia&parent=154"}],"wp:term":[{"taxonomy":"category","embeddable":true,"href":"https:\/\/waldkindergarten-berglen.de\/index.php?rest_route=%2Fwp%2Fv2%2Fcategories&post=154"},{"taxonomy":"post_tag","embeddable":true,"href":"https:\/\/waldkindergarten-berglen.de\/index.php?rest_route=%2Fwp%2Fv2%2Ftags&post=154"}],"curies":[{"name":"wp","href":"https:\/\/api.w.org\/{rel}","templated":true}]}}

<p>Kommt es trotz aller Vorsicht doch einmal zu einer Verletzung so wird die Wunde gereinigt und mit Pflaster oder Verband versorgt (Im Einzelfall halten wir Rücksprache mit Mutter/Vater um die weitere Vorgehensweise abzustimmen).</p>
<p>Erfordert die Verletzung ärztliche Behandlung oder Kontrolle, so benachrichtigt die Erzieherin umgehend einen Elternteil bzw. organisiert lt. unserer Notfallliste eine Ersatzperson, damit das Kind schnellstmöglich abgeholt wird.</p>
<p>In jeder Gruppe wird ein Handy mitgeführt, somit ist gewährleistet, dass ohne Verzögerung gehandelt werden kann.</p>

<p>Kommt es trotz aller Vorsicht doch einmal zu einer Verletzung so wird die Wunde gereinigt und mit Pflaster oder Verband versorgt (Im Einzelfall halten wir Rücksprache mit Mutter/Vater um die weitere Vorgehensweise abzustimmen). Erfordert die Verletzung ärztliche Behandlung oder Kontrolle, so benachrichtigt die Erzieherin umgehend einen Elternteil bzw. organisiert lt. unserer Notfallliste eine Ersatzperson, damit&hellip; <a href="https://waldkindergarten-berglen.de/?page_id=154" class="more-link">Weiterlesen <span class="screen-reader-text">Verletzungen</span></a></p>
