{"id":23,"date":"2016-03-05T16:39:33","date_gmt":"2016-03-05T14:39:33","guid":{"rendered":"https:\/\/waldkindergartensite.wordpress.com\/der-kindergarten\/ein-tag-im-wald\/"},"modified":"2024-04-10T23:57:15","modified_gmt":"2024-04-10T21:57:15","slug":"ein-tag-im-wald","status":"publish","type":"page","link":"https:\/\/waldkindergarten-berglen.de\/?page_id=23","title":{"rendered":"Ein Tag im Wald"},"content":{"rendered":"<p><em>Wie l\u00e4uft ein Tag im Waldkindergarten ab\u00a0die Erzieherinnen schildern den Tagesablauf:<\/em><\/p>\n<p>Ein Tag im Wald&#8230;<\/p>\n<p>ist immer ein Erlebnis, das all unsere Sinne anspricht, ob wir im Fr\u00fchling den Morgentau riechen, im Sommer die Hitze sp\u00fcren, im Herbst das bunte Laub sehen oder im Winter auf den Pf\u00fctzen das Eis knirschen h\u00f6ren, der Wald nimmt uns in seiner ganzen Vielfalt auf.<\/p>\n<p>Morgens ab 8:00 Uhr kommen die ersten Kinder zu unserem Treffpunkt, dem Kottweiler Waldspielplatz. Um 8:45 Uhr ert\u00f6nt die Fl\u00f6te, das Signal, dass sich jetzt alle im jeweiligen Steinkreis treffen.<\/p>\n<p>Im Steinkreis setzt sich jedes Kind auf seinen eigenen Stein. Mit Begr\u00fc\u00dfungsliedern, Fingerspielen, Kreisspielen, Naturtheater, Kinderkonferenzen und vielem mehr gestalten wir unseren Morgenkreis. Zum Abschluss des Morgenkreises z\u00e4hlen wir wie viele Kinder da sind und \u00fcberlegen uns wer fehlt.<\/p>\n<p>Sobald alle Isomatten wieder verstaut sind machen wir uns auf den Weg. Unser erster Treffpunkt ist immer die &#8222;Schranke&#8220;. Die Treffpunkte geben uns in unserem weitl\u00e4ufigen und freien Raum eine Sicherheit, wie weit wir uns frei bewegen k\u00f6nnen ohne die Gruppe zu verlieren. Sie geben uns die M\u00f6glichkeit unseren Weg zum Ziel, im jeweiligen eigenen Tempo zu bestreiten.<\/p>\n<p>W\u00e4hrend zum Beispiel die einen als wilde Pferde vorausgaloppieren, entdecken die anderen Tierspuren im Schnee oder eine Schnecke am Wegesrand, die es zu beobachten gilt.<\/p>\n<p>Wenn wir unseren Vesperplatz erreichen, der je nach Witterung weiter oder n\u00e4her am Waldspielplatz liegt, holen wir erst einmal unsere Vesperdosen und unsere Trinkbecher aus den Rucks\u00e4cken. Bevor wir essen, waschen wir uns alle die H\u00e4nde. Sobald wir wieder alle auf unseren Pl\u00e4tzen sind teilen wir noch unseren Tee aus, singen zusammen ein Vesperlied und lassen es uns dann richtig schmecken. Das Vesper endet wieder mit einem Lied.<\/p>\n<p>Frisch gest\u00e4rkt freuen wir uns auf unser Freispiel. W\u00e4hrend des Freispiels finden auch gemeinsame Aktivit\u00e4ten, die den jeweiligen Bildungsthemen angepasst sind, statt. Z. B. das Erkunden der Pflanzen und Tiere, das Forschen und Experimentieren oder kreatives Arbeiten mit Naturmaterialien. Leider m\u00fcssen wir uns schon wieder auf den Heimweg machen, daf\u00fcr lassen wir uns gen\u00fcgend Zeit.<\/p>\n<p>Zum Abschluss gibt es noch einmal einen Abschlusskreis in dem Tages- oder Wochenaktivit\u00e4ten nochmals thematisiert werden und wir uns alle mit einem Lied voneinander verabschieden. Danach d\u00fcrfen die gl\u00fccklichen Kinder ihre Eltern in die Arme schlie\u00dfen.<\/p>\n\n\n<p><i>Weitere Details zum hinter unserem Waldkindergarten stehenden Konzept gibt es hier in der Konzeption zu finden:<\/i><\/p>\n\n\n\n<div data-wp-interactive=\"core\/file\" class=\"wp-block-file\"><object data-wp-bind--hidden=\"!state.hasPdfPreview\" hidden class=\"wp-block-file__embed\" data=\"http:\/\/waldkindergarten-berglen.de\/wp-content\/uploads\/2024\/04\/Konzeption_02_2024.pdf\" type=\"application\/pdf\" style=\"width:100%;height:600px\" aria-label=\"Einbettung von Konzeption_02_2024.\"><\/object><a id=\"wp-block-file--media-af1ac0eb-2bb6-4388-99a4-506b9dff0f53\" href=\"http:\/\/waldkindergarten-berglen.de\/wp-content\/uploads\/2024\/04\/Konzeption_02_2024.pdf\">Konzeption_02_2024<\/a><a href=\"http:\/\/waldkindergarten-berglen.de\/wp-content\/uploads\/2024\/04\/Konzeption_02_2024.pdf\" class=\"wp-block-file__button wp-element-button\" download aria-describedby=\"wp-block-file--media-af1ac0eb-2bb6-4388-99a4-506b9dff0f53\">Herunterladen<\/a><\/div>\n","protected":false},"excerpt":{"rendered":"<p>Wie l\u00e4uft ein Tag im Waldkindergarten ab\u00a0die Erzieherinnen schildern den Tagesablauf: Ein Tag im Wald&#8230; ist immer ein Erlebnis, das all unsere Sinne anspricht, ob wir im Fr\u00fchling den Morgentau riechen, im Sommer die Hitze sp\u00fcren, im Herbst das bunte Laub sehen oder im Winter auf den Pf\u00fctzen das Eis knirschen h\u00f6ren, der Wald nimmt&hellip; <a href=\"https:\/\/waldkindergarten-berglen.de\/?page_id=23\" class=\"more-link\">Weiterlesen <span class=\"screen-reader-text\">Ein Tag im Wald<\/span><\/a><\/p>\n","protected":false},"author":2,"featured_media":0,"parent":0,"menu_order":1,"comment_status":"closed","ping_status":"closed","template":"","meta":{"ngg_post_thumbnail":0,"footnotes":""},"categories":[],"tags":[],"class_list":["post-23","page","type-page","status-publish","hentry"],"jetpack_sharing_enabled":true,"_links":{"self":[{"href":"https:\/\/waldkindergarten-berglen.de\/index.php?rest_route=\/wp\/v2\/pages\/23","targetHints":{"allow":["GET"]}}],"collection":[{"href":"https:\/\/waldkindergarten-berglen.de\/index.php?rest_route=\/wp\/v2\/pages"}],"about":[{"href":"https:\/\/waldkindergarten-berglen.de\/index.php?rest_route=\/wp\/v2\/types\/page"}],"author":[{"embeddable":true,"href":"https:\/\/waldkindergarten-berglen.de\/index.php?rest_route=\/wp\/v2\/users\/2"}],"replies":[{"embeddable":true,"href":"https:\/\/waldkindergarten-berglen.de\/index.php?rest_route=%2Fwp%2Fv2%2Fcomments&post=23"}],"version-history":[{"count":4,"href":"https:\/\/waldkindergarten-berglen.de\/index.php?rest_route=\/wp\/v2\/pages\/23\/revisions"}],"predecessor-version":[{"id":8468,"href":"https:\/\/waldkindergarten-berglen.de\/index.php?rest_route=\/wp\/v2\/pages\/23\/revisions\/8468"}],"wp:attachment":[{"href":"https:\/\/waldkindergarten-berglen.de\/index.php?rest_route=%2Fwp%2Fv2%2Fmedia&parent=23"}],"wp:term":[{"taxonomy":"category","embeddable":true,"href":"https:\/\/waldkindergarten-berglen.de\/index.php?rest_route=%2Fwp%2Fv2%2Fcategories&post=23"},{"taxonomy":"post_tag","embeddable":true,"href":"https:\/\/waldkindergarten-berglen.de\/index.php?rest_route=%2Fwp%2Fv2%2Ftags&post=23"}],"curies":[{"name":"wp","href":"https:\/\/api.w.org\/{rel}","templated":true}]}}