{"id":39,"date":"2016-03-05T17:02:22","date_gmt":"2016-03-05T15:02:22","guid":{"rendered":"https:\/\/waldkindergartensite.wordpress.com\/der-vorstand\/"},"modified":"2026-01-03T12:53:48","modified_gmt":"2026-01-03T11:53:48","slug":"vorstand","status":"publish","type":"page","link":"https:\/\/waldkindergarten-berglen.de\/?page_id=39","title":{"rendered":"Der Vorstand"},"content":{"rendered":"\n<div class=\"wp-block-media-text is-stacked-on-mobile\" style=\"grid-template-columns:25% auto\"><figure class=\"wp-block-media-text__media\"><img loading=\"lazy\" decoding=\"async\" width=\"665\" height=\"1024\" src=\"http:\/\/waldkindergarten-berglen.de\/wp-content\/uploads\/2021\/11\/Vorstand-Jens-Aupperle-scaled-e1698172720629-665x1024.jpg\" alt=\"\" class=\"wp-image-7373 size-full\" srcset=\"https:\/\/waldkindergarten-berglen.de\/wp-content\/uploads\/2021\/11\/Vorstand-Jens-Aupperle-scaled-e1698172720629-665x1024.jpg 665w, https:\/\/waldkindergarten-berglen.de\/wp-content\/uploads\/2021\/11\/Vorstand-Jens-Aupperle-scaled-e1698172720629-195x300.jpg 195w, https:\/\/waldkindergarten-berglen.de\/wp-content\/uploads\/2021\/11\/Vorstand-Jens-Aupperle-scaled-e1698172720629-768x1182.jpg 768w, https:\/\/waldkindergarten-berglen.de\/wp-content\/uploads\/2021\/11\/Vorstand-Jens-Aupperle-scaled-e1698172720629-998x1536.jpg 998w, https:\/\/waldkindergarten-berglen.de\/wp-content\/uploads\/2021\/11\/Vorstand-Jens-Aupperle-scaled-e1698172720629-982x1512.jpg 982w, https:\/\/waldkindergarten-berglen.de\/wp-content\/uploads\/2021\/11\/Vorstand-Jens-Aupperle-scaled-e1698172720629-260x400.jpg 260w, https:\/\/waldkindergarten-berglen.de\/wp-content\/uploads\/2021\/11\/Vorstand-Jens-Aupperle-scaled-e1698172720629.jpg 1244w\" sizes=\"auto, (max-width: 665px) 100vw, 665px\" \/><\/figure><div class=\"wp-block-media-text__content\">\n<p><strong>Vorstand: Jens Aupperle<\/strong><\/p>\n\n\n\n<p>Personalf\u00fchrung<br>Gesch\u00e4ftsf\u00fchrung<\/p>\n\n\n\n<p>0151 \/ 401 260 59<\/p>\n<\/div><\/div>\n\n\n\n<p><\/p>\n\n\n\n<div class=\"wp-block-media-text is-stacked-on-mobile\" style=\"grid-template-columns:25% auto\"><figure class=\"wp-block-media-text__media\"><img loading=\"lazy\" decoding=\"async\" width=\"511\" height=\"768\" src=\"http:\/\/waldkindergarten-berglen.de\/wp-content\/uploads\/2026\/01\/Sandra.jpg\" alt=\"\" class=\"wp-image-9269 size-full\" srcset=\"https:\/\/waldkindergarten-berglen.de\/wp-content\/uploads\/2026\/01\/Sandra.jpg 511w, https:\/\/waldkindergarten-berglen.de\/wp-content\/uploads\/2026\/01\/Sandra-200x300.jpg 200w, https:\/\/waldkindergarten-berglen.de\/wp-content\/uploads\/2026\/01\/Sandra-266x400.jpg 266w\" sizes=\"auto, (max-width: 511px) 100vw, 511px\" \/><\/figure><div class=\"wp-block-media-text__content\">\n<p><strong>Vorstand: Sandra Rehm<\/strong><\/p>\n\n\n\n<p>Neuaufnahmen<\/p>\n\n\n\n<p>0151 \/ 401 210 62<\/p>\n<\/div><\/div>\n\n\n\n<p><\/p>\n\n\n\n<div class=\"wp-block-media-text is-stacked-on-mobile\" style=\"grid-template-columns:25% auto\"><figure class=\"wp-block-media-text__media\"><img loading=\"lazy\" decoding=\"async\" width=\"152\" height=\"203\" src=\"http:\/\/waldkindergarten-berglen.de\/wp-content\/uploads\/2023\/10\/Chrissi.jpg\" alt=\"\" class=\"wp-image-8254 size-full\"\/><\/figure><div class=\"wp-block-media-text__content\">\n<p><strong>Schatzmeister: Christine Peters<\/strong><\/p>\n\n\n\n<p>Finanzen<br>Mitgliederverwaltung<\/p>\n\n\n\n<p>0151 \/ 298 791 54<\/p>\n<\/div><\/div>\n\n\n\n<p><\/p>\n\n\n\n<div class=\"wp-block-media-text is-stacked-on-mobile\" style=\"grid-template-columns:25% auto\"><figure class=\"wp-block-media-text__media\"><img loading=\"lazy\" decoding=\"async\" width=\"833\" height=\"1024\" src=\"http:\/\/waldkindergarten-berglen.de\/wp-content\/uploads\/2023\/10\/Chris-833x1024.jpeg\" alt=\"\" class=\"wp-image-8257 size-full\" srcset=\"https:\/\/waldkindergarten-berglen.de\/wp-content\/uploads\/2023\/10\/Chris-833x1024.jpeg 833w, https:\/\/waldkindergarten-berglen.de\/wp-content\/uploads\/2023\/10\/Chris-244x300.jpeg 244w, https:\/\/waldkindergarten-berglen.de\/wp-content\/uploads\/2023\/10\/Chris-768x944.jpeg 768w, https:\/\/waldkindergarten-berglen.de\/wp-content\/uploads\/2023\/10\/Chris-1250x1536.jpeg 1250w, https:\/\/waldkindergarten-berglen.de\/wp-content\/uploads\/2023\/10\/Chris-982x1207.jpeg 982w, https:\/\/waldkindergarten-berglen.de\/wp-content\/uploads\/2023\/10\/Chris-326x400.jpeg 326w, https:\/\/waldkindergarten-berglen.de\/wp-content\/uploads\/2023\/10\/Chris.jpeg 1302w\" sizes=\"auto, (max-width: 833px) 100vw, 833px\" \/><\/figure><div class=\"wp-block-media-text__content\">\n<p><strong>Beisitzer: Christian Peters<\/strong><\/p>\n\n\n\n<p>Protokollf\u00fchrung<br><\/p>\n<\/div><\/div>\n\n\n\n<p><\/p>\n\n\n\n<div class=\"wp-block-media-text is-stacked-on-mobile\" style=\"grid-template-columns:25% auto\"><figure class=\"wp-block-media-text__media\"><img loading=\"lazy\" decoding=\"async\" width=\"768\" height=\"1024\" src=\"http:\/\/waldkindergarten-berglen.de\/wp-content\/uploads\/2023\/10\/Sarah-768x1024.jpg\" alt=\"\" class=\"wp-image-8256 size-full\" srcset=\"https:\/\/waldkindergarten-berglen.de\/wp-content\/uploads\/2023\/10\/Sarah-768x1024.jpg 768w, https:\/\/waldkindergarten-berglen.de\/wp-content\/uploads\/2023\/10\/Sarah-225x300.jpg 225w, https:\/\/waldkindergarten-berglen.de\/wp-content\/uploads\/2023\/10\/Sarah-1152x1536.jpg 1152w, https:\/\/waldkindergarten-berglen.de\/wp-content\/uploads\/2023\/10\/Sarah-1536x2048.jpg 1536w, https:\/\/waldkindergarten-berglen.de\/wp-content\/uploads\/2023\/10\/Sarah-982x1309.jpg 982w, https:\/\/waldkindergarten-berglen.de\/wp-content\/uploads\/2023\/10\/Sarah-300x400.jpg 300w, https:\/\/waldkindergarten-berglen.de\/wp-content\/uploads\/2023\/10\/Sarah-scaled.jpg 1920w\" sizes=\"auto, (max-width: 768px) 100vw, 768px\" \/><\/figure><div class=\"wp-block-media-text__content\">\n<p><strong>Beisitzerin: Sarah Piel<\/strong><\/p>\n\n\n\n<p>Waldbote<br>Gesundheit \/ Zecken<br><\/p>\n<\/div><\/div>\n\n\n\n<p><\/p>\n\n\n\n<div class=\"wp-block-media-text is-stacked-on-mobile\" style=\"grid-template-columns:25% auto\"><figure class=\"wp-block-media-text__media\"><img loading=\"lazy\" decoding=\"async\" width=\"768\" height=\"1024\" src=\"http:\/\/waldkindergarten-berglen.de\/wp-content\/uploads\/2021\/11\/Beisitzer-Volker-Eisermann-768x1024.jpg\" alt=\"\" class=\"wp-image-7374 size-full\" srcset=\"https:\/\/waldkindergarten-berglen.de\/wp-content\/uploads\/2021\/11\/Beisitzer-Volker-Eisermann-768x1025.jpg 768w, https:\/\/waldkindergarten-berglen.de\/wp-content\/uploads\/2021\/11\/Beisitzer-Volker-Eisermann-225x300.jpg 225w, https:\/\/waldkindergarten-berglen.de\/wp-content\/uploads\/2021\/11\/Beisitzer-Volker-Eisermann-300x400.jpg 300w, https:\/\/waldkindergarten-berglen.de\/wp-content\/uploads\/2021\/11\/Beisitzer-Volker-Eisermann.jpg 880w\" sizes=\"auto, (max-width: 768px) 100vw, 768px\" \/><\/figure><div class=\"wp-block-media-text__content\">\n<p><strong>Beisitzer: Volker Eisermann<\/strong><\/p>\n\n\n\n<p>Einsatzplanung der Elternarbeit<br>Arbeitsdienstverwaltung<\/p>\n\n\n\n<p><br><\/p>\n<\/div><\/div>\n","protected":false},"excerpt":{"rendered":"<p>Vorstand: Jens Aupperle Personalf\u00fchrungGesch\u00e4ftsf\u00fchrung 0151 \/ 401 260 59 Vorstand: Sandra Rehm Neuaufnahmen 0151 \/ 401 210 62 Schatzmeister: Christine Peters FinanzenMitgliederverwaltung 0151 \/ 298 791 54 Beisitzer: Christian Peters Protokollf\u00fchrung Beisitzerin: Sarah Piel WaldboteGesundheit \/ Zecken Beisitzer: Volker Eisermann Einsatzplanung der ElternarbeitArbeitsdienstverwaltung<\/p>\n","protected":false},"author":3,"featured_media":0,"parent":0,"menu_order":0,"comment_status":"closed","ping_status":"closed","template":"","meta":{"ngg_post_thumbnail":0,"footnotes":""},"categories":[7],"tags":[],"class_list":["post-39","page","type-page","status-publish","hentry","category-verein"],"jetpack_sharing_enabled":true,"_links":{"self":[{"href":"https:\/\/waldkindergarten-berglen.de\/index.php?rest_route=\/wp\/v2\/pages\/39","targetHints":{"allow":["GET"]}}],"collection":[{"href":"https:\/\/waldkindergarten-berglen.de\/index.php?rest_route=\/wp\/v2\/pages"}],"about":[{"href":"https:\/\/waldkindergarten-berglen.de\/index.php?rest_route=\/wp\/v2\/types\/page"}],"author":[{"embeddable":true,"href":"https:\/\/waldkindergarten-berglen.de\/index.php?rest_route=\/wp\/v2\/users\/3"}],"replies":[{"embeddable":true,"href":"https:\/\/waldkindergarten-berglen.de\/index.php?rest_route=%2Fwp%2Fv2%2Fcomments&post=39"}],"version-history":[{"count":9,"href":"https:\/\/waldkindergarten-berglen.de\/index.php?rest_route=\/wp\/v2\/pages\/39\/revisions"}],"predecessor-version":[{"id":9280,"href":"https:\/\/waldkindergarten-berglen.de\/index.php?rest_route=\/wp\/v2\/pages\/39\/revisions\/9280"}],"wp:attachment":[{"href":"https:\/\/waldkindergarten-berglen.de\/index.php?rest_route=%2Fwp%2Fv2%2Fmedia&parent=39"}],"wp:term":[{"taxonomy":"category","embeddable":true,"href":"https:\/\/waldkindergarten-berglen.de\/index.php?rest_route=%2Fwp%2Fv2%2Fcategories&post=39"},{"taxonomy":"post_tag","embeddable":true,"href":"https:\/\/waldkindergarten-berglen.de\/index.php?rest_route=%2Fwp%2Fv2%2Ftags&post=39"}],"curies":[{"name":"wp","href":"https:\/\/api.w.org\/{rel}","templated":true}]}}

<div class="wp-block-media-text is-stacked-on-mobile" style="grid-template-columns:25% auto"><figure class="wp-block-media-text__media"><img loading="lazy" decoding="async" width="665" height="1024" src="http://waldkindergarten-berglen.de/wp-content/uploads/2021/11/Vorstand-Jens-Aupperle-scaled-e1698172720629-665x1024.jpg" alt="" class="wp-image-7373 size-full" srcset="https://waldkindergarten-berglen.de/wp-content/uploads/2021/11/Vorstand-Jens-Aupperle-scaled-e1698172720629-665x1024.jpg 665w, https://waldkindergarten-berglen.de/wp-content/uploads/2021/11/Vorstand-Jens-Aupperle-scaled-e1698172720629-195x300.jpg 195w, https://waldkindergarten-berglen.de/wp-content/uploads/2021/11/Vorstand-Jens-Aupperle-scaled-e1698172720629-768x1182.jpg 768w, https://waldkindergarten-berglen.de/wp-content/uploads/2021/11/Vorstand-Jens-Aupperle-scaled-e1698172720629-998x1536.jpg 998w, https://waldkindergarten-berglen.de/wp-content/uploads/2021/11/Vorstand-Jens-Aupperle-scaled-e1698172720629-982x1512.jpg 982w, https://waldkindergarten-berglen.de/wp-content/uploads/2021/11/Vorstand-Jens-Aupperle-scaled-e1698172720629-260x400.jpg 260w, https://waldkindergarten-berglen.de/wp-content/uploads/2021/11/Vorstand-Jens-Aupperle-scaled-e1698172720629.jpg 1244w" sizes="auto, (max-width: 665px) 100vw, 665px" /></figure><div class="wp-block-media-text__content">
<p><strong>Vorstand: Jens Aupperle</strong></p>



<p>Personalführung<br>Geschäftsführung</p>



<p>0151 / 401 260 59</p>
</div></div>



<p></p>



<div class="wp-block-media-text is-stacked-on-mobile" style="grid-template-columns:25% auto"><figure class="wp-block-media-text__media"><img loading="lazy" decoding="async" width="511" height="768" src="http://waldkindergarten-berglen.de/wp-content/uploads/2026/01/Sandra.jpg" alt="" class="wp-image-9269 size-full" srcset="https://waldkindergarten-berglen.de/wp-content/uploads/2026/01/Sandra.jpg 511w, https://waldkindergarten-berglen.de/wp-content/uploads/2026/01/Sandra-200x300.jpg 200w, https://waldkindergarten-berglen.de/wp-content/uploads/2026/01/Sandra-266x400.jpg 266w" sizes="auto, (max-width: 511px) 100vw, 511px" /></figure><div class="wp-block-media-text__content">
<p><strong>Vorstand: Sandra Rehm</strong></p>



<p>Neuaufnahmen</p>



<p>0151 / 401 210 62</p>
</div></div>



<p></p>



<div class="wp-block-media-text is-stacked-on-mobile" style="grid-template-columns:25% auto"><figure class="wp-block-media-text__media"><img loading="lazy" decoding="async" width="152" height="203" src="http://waldkindergarten-berglen.de/wp-content/uploads/2023/10/Chrissi.jpg" alt="" class="wp-image-8254 size-full"/></figure><div class="wp-block-media-text__content">
<p><strong>Schatzmeister: Christine Peters</strong></p>



<p>Finanzen<br>Mitgliederverwaltung</p>



<p>0151 / 298 791 54</p>
</div></div>



<p></p>



<div class="wp-block-media-text is-stacked-on-mobile" style="grid-template-columns:25% auto"><figure class="wp-block-media-text__media"><img loading="lazy" decoding="async" width="833" height="1024" src="http://waldkindergarten-berglen.de/wp-content/uploads/2023/10/Chris-833x1024.jpeg" alt="" class="wp-image-8257 size-full" srcset="https://waldkindergarten-berglen.de/wp-content/uploads/2023/10/Chris-833x1024.jpeg 833w, https://waldkindergarten-berglen.de/wp-content/uploads/2023/10/Chris-244x300.jpeg 244w, https://waldkindergarten-berglen.de/wp-content/uploads/2023/10/Chris-768x944.jpeg 768w, https://waldkindergarten-berglen.de/wp-content/uploads/2023/10/Chris-1250x1536.jpeg 1250w, https://waldkindergarten-berglen.de/wp-content/uploads/2023/10/Chris-982x1207.jpeg 982w, https://waldkindergarten-berglen.de/wp-content/uploads/2023/10/Chris-326x400.jpeg 326w, https://waldkindergarten-berglen.de/wp-content/uploads/2023/10/Chris.jpeg 1302w" sizes="auto, (max-width: 833px) 100vw, 833px" /></figure><div class="wp-block-media-text__content">
<p><strong>Beisitzer: Christian Peters</strong></p>



<p>Protokollführung<br></p>
</div></div>



<p></p>



<div class="wp-block-media-text is-stacked-on-mobile" style="grid-template-columns:25% auto"><figure class="wp-block-media-text__media"><img loading="lazy" decoding="async" width="768" height="1024" src="http://waldkindergarten-berglen.de/wp-content/uploads/2023/10/Sarah-768x1024.jpg" alt="" class="wp-image-8256 size-full" srcset="https://waldkindergarten-berglen.de/wp-content/uploads/2023/10/Sarah-768x1024.jpg 768w, https://waldkindergarten-berglen.de/wp-content/uploads/2023/10/Sarah-225x300.jpg 225w, https://waldkindergarten-berglen.de/wp-content/uploads/2023/10/Sarah-1152x1536.jpg 1152w, https://waldkindergarten-berglen.de/wp-content/uploads/2023/10/Sarah-1536x2048.jpg 1536w, https://waldkindergarten-berglen.de/wp-content/uploads/2023/10/Sarah-982x1309.jpg 982w, https://waldkindergarten-berglen.de/wp-content/uploads/2023/10/Sarah-300x400.jpg 300w, https://waldkindergarten-berglen.de/wp-content/uploads/2023/10/Sarah-scaled.jpg 1920w" sizes="auto, (max-width: 768px) 100vw, 768px" /></figure><div class="wp-block-media-text__content">
<p><strong>Beisitzerin: Sarah Piel</strong></p>



<p>Waldbote<br>Gesundheit / Zecken<br></p>
</div></div>



<p></p>



<div class="wp-block-media-text is-stacked-on-mobile" style="grid-template-columns:25% auto"><figure class="wp-block-media-text__media"><img loading="lazy" decoding="async" width="768" height="1024" src="http://waldkindergarten-berglen.de/wp-content/uploads/2021/11/Beisitzer-Volker-Eisermann-768x1024.jpg" alt="" class="wp-image-7374 size-full" srcset="https://waldkindergarten-berglen.de/wp-content/uploads/2021/11/Beisitzer-Volker-Eisermann-768x1025.jpg 768w, https://waldkindergarten-berglen.de/wp-content/uploads/2021/11/Beisitzer-Volker-Eisermann-225x300.jpg 225w, https://waldkindergarten-berglen.de/wp-content/uploads/2021/11/Beisitzer-Volker-Eisermann-300x400.jpg 300w, https://waldkindergarten-berglen.de/wp-content/uploads/2021/11/Beisitzer-Volker-Eisermann.jpg 880w" sizes="auto, (max-width: 768px) 100vw, 768px" /></figure><div class="wp-block-media-text__content">
<p><strong>Beisitzer: Volker Eisermann</strong></p>



<p>Einsatzplanung der Elternarbeit<br>Arbeitsdienstverwaltung</p>



<p><br></p>
</div></div>

<p>Vorstand: Jens Aupperle PersonalführungGeschäftsführung 0151 / 401 260 59 Vorstand: Sandra Rehm Neuaufnahmen 0151 / 401 210 62 Schatzmeister: Christine Peters FinanzenMitgliederverwaltung 0151 / 298 791 54 Beisitzer: Christian Peters Protokollführung Beisitzerin: Sarah Piel WaldboteGesundheit / Zecken Beisitzer: Volker Eisermann Einsatzplanung der ElternarbeitArbeitsdienstverwaltung</p>
